 is the remainder when 163937 is divided by 506?
499
Calculate the remainder when 531620 is divided by 182.
180
What is the remainder when 1423 is divided by 1420?
3
What is the remainder when 1456 is divided by 1061?
395
Calculate the remainder when 60976 is divided by 52.
32
Calculate the remainder when 280147 is divided by 49.
14
What is the remainder when 93828 is divided by 64?
4
Calculate the remainder when 3870 is divided by 412.
162
Calculate the remainder when 2115 is divided by 212.
207
Calculate the remainder when 62619 is divided by 10.
9
What is the remainder when 4366 is divided by 1043?
194
Calculate the remainder when 797 is divided by 543.
254
Calculate the remainder when 3986 is divided by 418.
224
Calculate the remainder when 16311 is divided by 136.
127
What is the remainder when 33848 is divided by 181?
1
Calculate the remainder when 516 is divided by 180.
156
What is the remainder when 21648 is divided by 2173?
2091
What is the remainder when 360899 is divided by 360899?
0
What is the remainder when 27692 is divided by 12?
8
Calculate the remainder when 4962 is divided by 27.
21
What is the remainder when 186963 is divided by 846?
843
Calculate the remainder when 53780 is divided by 17918.
26
What is the remainder when 7856 is divided by 414?
404
Calculate the remainder when 25665 is divided by 199.
193
Calculate the remainder when 7295 is divided by 610.
585
What is the remainder when 1779 is divided by 1138?
641
What is the remainder when 106305 is divided by 629?
4
Calculate the remainder when 1782 is divided by 309.
237
What is the remainder when 11183 is divided by 159?
53
What is the remainder when 4631 is divided by 125?
6
Calculate the remainder when 5636 is divided by 12.
8
Calculate the remainder when 3619 is divided by 132.
55
What is the remainder when 261971 is divided by 46?
1
What is the remainder when 171065 is divided by 2165?
30
Calculate the remainder when 2978 is divided by 436.
362
Calculate the remainder when 77551 is divided by 72.
7
What is the remainder when 3263 is divided by 328?
311
Calculate the remainder when 2500 is divided by 1249.
2
Calculate the remainder when 10537 is divided by 5266.
5
Calculate the remainder when 37758 is divided by 12.
6
What is the remainder when 2026 is divided by 2016?
10
What is the remainder when 29939 is divided by 460?
39
Calculate the remainder when 16054 is divided by 2673.
16
What is the remainder when 8511046 is divided by 63?
61
Calculate the remainder when 964 is divided by 42.
40
Calculate the remainder when 3795 is divided by 103.
87
What is the remainder when 3722 is divided by 614?
38
Calculate the remainder when 12164 is divided by 45.
14
What is the remainder when 617130 is divided by 740?
710
What is the remainder when 10047 is divided by 2219?
1171
What is the remainder when 169815 is divided by 8?
7
What is the remainder when 84704 is divided by 215?
209
Calculate the remainder when 35135 is divided by 45.
35
What is the remainder when 9938 is divided by 44?
38
Calculate the remainder when 73179 is divided by 12.
3
What is the remainder when 1008 is divided by 823?
185
Calculate the remainder when 4318 is divided by 19.
5
What is the remainder when 104897 is divided by 20973?
32
What is the remainder when 201797 is divided by 43?
41
What is the remainder when 18647 is divided by 78?
5
Calculate the remainder when 52497 is divided by 60.
57
Calculate the remainder when 82163 is divided by 7.
4
Calculate the remainder when 145347 is divided by 369.
330
What is the remainder when 7537 is divided by 743?
107
What is the remainder when 2003 is divided by 591?
230
What is the remainder when 1420798 is divided by 1480?
1478
Calculate the remainder when 8862 is divided by 57.
27
Calculate the remainder when 2261 is divided by 379.
366
Calculate the remainder when 104405 is divided by 248.
245
What is the remainder when 342620 is divided by 57101?
14
What is the remainder when 26455 is divided by 58?
7
Calculate the remainder when 13305 is divided by 989.
448
What is the remainder when 1196 is divided by 51?
23
Calculate the remainder when 169583 is divided by 9.
5
Calculate the remainder when 6744 is divided by 6651.
93
What is the remainder when 716608 is divided by 47?
46
Calculate the remainder when 1817 is divided by 904.
9
Calculate the remainder when 17685 is divided by 340.
5
Calculate the remainder when 11054 is divided by 1560.
134
What is the remainder when 159490 is divided by 79729?
32
What is the remainder when 18286 is divided by 6066?
88
What is the remainder when 3633 is divided by 255?
63
Calculate the remainder when 29738 is divided by 7434.
2
What is the remainder when 2069378 is divided by 428?
426
What is the remainder when 66462 is divided by 6040?
22
What is the remainder when 106187 is divided by 513?
509
Calculate the remainder when 1003 is divided by 258.
229
What is the remainder when 5662 is divided by 109?
103
Calculate the remainder when 35926 is divided by 11954.
64
What is the remainder when 12597 is divided by 160?
117
What is the remainder when 7688 is divided by 698?
10
Calculate the remainder when 29907 is divided by 87.
66
What is the remainder when 304 is divided by 1?
0
What is the remainder when 189749 is divided by 908?
885
What is the remainder when 2136 is divided by 55?
46
Calculate the remainder when 2011736 is divided by 56.
48
What is the remainder when 7817 is divided by 1558?
27
Calculate the remainder when 58441 is divided by 187.
97
What is the remainder when 60255 is divided by 27?
18
What is the remainder when 36514 is divided by 1322?
820
Calculate the remainder when 765 is divided by 12.
9
Calculate the remainder when 5217 is divided by 115.
42
What is the remainder when 8989 is divided by 2994?
7
What is the remainder when 1420123 is divided by 105?
103
What is the remainder when 3734 is divided by 221?
198
Calculate the remainder when 104045 is divided by 132.
29
What is the remainder when 33388 is divided by 30?
28
Calculate the remainder when 694244 is divided by 238.
236
What is the remainder when 20028 is divided by 5005?
8
Calculate the remainder when 1538 is divided by 178.
114
Calculate the remainder when 67544 is divided by 8442.
8
What is the remainder when 18227 is divided by 98?
97
Calculate the remainder when 5046 is divided by 1162.
398
Calculate the remainder when 359097 is divided by 225.
222
Calculate the remainder when 2876 is divided by 721.
713
Calculate the remainder when 880432 is divided by 9.
7
Calculate the remainder when 4919 is divided by 14.
5
What is the remainder when 244479 is divided by 4?
3
What is the remainder when 107091 is divided by 1050?
1041
Calculate the remainder when 5839 is divided by 33.
31
What is the remainder when 6724 is divided by 3314?
96
What is the remainder when 1876 is divided by 468?
4
Calculate the remainder when 2047 is divided by 110.
67
What is the remainder when 139797 is divided by 300?
297
What is the remainder when 7310 is divided by 51?
17
Calculate the remainder when 893 is divided by 44.
13
Calculate the remainder when 1545 is divided by 1408.
137
What is the remainder when 139321 is divided by 69637?
47
Calculate the remainder when 8172 is divided by 2723.
3
Calculate the remainder when 151 is divided by 102.
49
What is the remainder when 67273 is divided by 8407?
17
Calculate the remainder when 10458 is divided by 201.
6
Calculate the remainder when 247826 is divided by 106.
104
Calculate the remainder when 34761 is divided by 184.
169
What is the remainder when 3030 is divided by 85?
55
What is the remainder when 22872 is divided by 602?
598
Calculate the remainder when 1638 is divided by 95.
23
Calculate the remainder when 1196 is divided by 697.
499
Calculate the remainder when 6063 is divided by 3030.
3
What is the remainder when 6457 is divided by 1862?
871
Calculate the remainder when 7738 is divided by 5977.
1761
What is the remainder when 5130 is divided by 33?
15
What is the remainder when 8597 is divided by 172?
169
What is the remainder when 22139 is divided by 37?
13
Calculate the remainder when 57897 is divided by 28945.
7
Calculate the remainder when 1231 is divided by 283.
99
What is the remainder when 37776 is 